 14, what is b8 + 4?
bc
In base 6, what is 0 - -551?
551
In base 10, what is -1781 + 1?
-1780
In base 5, what is -4 + -103121?
-103130
In base 9, what is 13 - 1844?
-1831
In base 2, what is 100 + 101001100?
101010000
In base 9, what is 0 + 107?
107
In base 8, what is 124 + -7?
115
In base 8, what is -126 - -1?
-125
In base 13, what is 3 + 166?
169
In base 16, what is -1c4 - 0?
-1c4
In base 12, what is -4 - -223?
21b
In base 2, what is 10010 + -11?
1111
In base 9, what is -2 - 8852?
-8854
In base 2, what is 11 - 1011?
-1000
In base 15, what is -b + ed?
e2
In base 11, what is 1041a + 2?
10421
In base 3, what is 1 + -2012?
-2011
In base 14, what is -66c - 2?
-670
In base 3, what is 2021 - 10?
2011
In base 6, what is -3055 + -12?
-3111
In base 10, what is 83 + -5?
78
In base 14, what is -d - -d4?
c5
In base 8, what is -1247 + -6?
-1255
In base 10, what is -12 - 17?
-29
In base 13, what is 0 + a3?
a3
In base 15, what is 4 - 725?
-721
In base 12, what is -2a55 - -4?
-2a51
In base 15, what is 4 + -a5?
-a1
In base 11, what is 112 + 5?
117
In base 7, what is 102 + -5?
64
In base 15, what is -c1 + 2d?
-93
In base 8, what is 121 - -3?
124
In base 14, what is 4 - 72?
-6c
In base 3, what is 100 - 1002?
-202
In base 9, what is 237 + -53?
174
In base 8, what is -561 - 44?
-625
In base 15, what is -1 - 23?
-24
In base 11, what is -a12 + -5?
-a17
In base 10, what is 390 - -1?
391
In base 15, what is 0 - -b3?
b3
In base 4, what is -21 - -33?
12
In base 11, what is 2 - 28?
-26
In base 5, what is -2 + -12041?
-12043
In base 3, what is 2212 + -20?
2122
In base 15, what is -101 - -5?
-eb
In base 11, what is 8988 + -3?
8985
In base 15, what is -629 + -4?
-62d
In base 11, what is 0 - 5?
-5
In base 16, what is -1f - 14?
-33
In base 15, what is 12 - -297?
2a9
In base 14, what is -8 + -c?
-16
In base 2, what is 10010 - 1111?
11
In base 5, what is -2 - -12131?
12124
In base 9, what is 614 + -13?
601
In base 12, what is -12 + 22?
10
In base 15, what is 2d + 7?
35
In base 5, what is 2 + 43?
100
In base 15, what is 1 - -5d?
5e
In base 9, what is 162 - 5?
156
In base 6, what is 153 + 3?
200
In base 6, what is -4 - 542?
-550
In base 13, what is 41 + -2?
3c
In base 8, what is 17 + 107?
126
In base 3, what is -2 - -12002?
12000
In base 10, what is -8193 + 2?
-8191
In base 12, what is -2 - -393?
391
In base 2, what is 1 + -11101011001?
-11101011000
In base 2, what is 1010101010000 - 101?
1010101001011
In base 4, what is 12122 + 0?
12122
In base 9, what is -18434 + -2?
-18436
In base 10, what is -4 - -2095?
2091
In base 10, what is -326 + 36?
-290
In base 6, what is -114 - -3?
-111
In base 10, what is 2224 - -4?
2228
In base 8, what is 2350 + 0?
2350
In base 15, what is -2 - -5b?
59
In base 14, what is -c9a - -11?
-c89
In base 7, what is 3 - -220?
223
In base 9, what is 667 - 5?
662
In base 6, what is 1150 - 123?
1023
In base 10, what is -4 - 200?
-204
In base 2, what is -1010110011010 + 10?
-1010110011000
In base 15, what is -218d + 0?
-218d
In base 11, what is -4 + -51?
-55
In base 11, what is -306 - 3?
-309
In base 5, what is 1042 - 10?
1032
In base 16, what is -3 + 5?
2
In base 4, what is 1331 - -12?
2003
In base 8, what is -5374 + 3?
-5371
In base 8, what is -6 + 233?
225
In base 10, what is -1 + 48?
47
In base 5, what is 11 - 1144?
-1133
In base 16, what is -e7 + -3?
-ea
In base 8, what is 322 - 33?
267
In base 4, what is 13 + -30?
-11
In base 11, what is 2a0 - -23?
313
In base 8, what is 35 - 3?
32
In base 6, what is 2 - -130?
132
In base 2, what is 11011001 - 101?
11010100
In base 6, what is -1 + -140?
-141
In base 13, what is 3040 + 0?
3040
In base 9, what is 14 + 1072?
1086
In base 8, what is -6600 + -4?
-6604
In base 8, what is 44136 - 2?
44134
In base 5, what is 413 + -2?
411
In base 7, what is -41 - 13?
-54
In base 11, what is 12 - -7?
19
In base 16, what is -1 + 119?
118
In base 13, what is 183 + -4?
17c
In base 5, what is 3 - -20?
23
In base 15, what is 0 - aa?
-aa
In base 12, what is 6 - -75?
7b
In base 4, what is 1 - -220?
221
In base 6, what is -13325 + -2?
-13331
In base 4, what is -1 - 2122?
-2123
In base 10, what is -29 - 3?
-32
In base 12, what is 5 - 829?
-824
In base 7, what is -153166 - -3?
-153163
In base 8, what is 63 + 35?
120
In base 15, what is 1 + 2?
3
In base 16, what is -5 - -c?
7
In base 3, what is -102 + -2010?
-2112
In base 10, what is 1098 - 4?
1094
In base 7, what is -101 + -1?
-102
In base 8, what is 1 - 2332?
-2331
In base 7, what is -2442 - 2?
-2444
In base 9, what is -42 - 30?
-72
In base 5, what is 10 - 100232?
-100222
In base 4, what is -3 - -301011?
301002
In base 9, what is -2 - 200?
-202
In base 8, what is -145 - -151?
4
In base 9, what is 2 + -3?
-1
In base 8, what is -1520 + -13?
-1533
In base 4, what is -2331031 - -1?
-2331030
In base 12, what is 129 - 3?
126
In base 9, what is -3 - 2474?
-2477
In base 5, what is -124 - -12?
-112
In base 8, what is -315 - -6?
-307
In base 4, what is -20 - 2303?
-2323
In base 3, what is 1 + 12110?
12111
In base 12, what is -28a + 1?
-289
In base 15, what is -26 + -1?
-27
In base 8, what is 1464 + -21?
1443
In base 5, what is 20440 - -12?
21002
In base 16, what is 5 + 572?
577
In base 15, what is -1 - -e4b?
e4a
In base 9, what is 1 + -551?
-550
In base 10, what is 22 - 3?
19
In base 2, what is 10010110 - 100?
10010010
In base 4, what is -300 + 10210?
3310
In base 2, what is 10011001 + 0?
10011001
In base 3, what is 1000 - 1210?
-210
In base 9, what is 260 - 4?
255
In base 8, what is -522 - -23?
-477
In base 13, what is 202 + -3?
1cc
In base 16, what is c - -8?
14
In base 12, what is -2757 - -1?
-2756
In base 13, what is -9b + 6?
-95
In base 15, what is c + 81?
8d
In base 13, what is 1037 + -2?
1035
In base 16, what is 1 - -4b3?
4b4
In base 6, what is -4 - -4230?
4222
In base 8, what is -23 - 130?
-153
In base 7, what is 0 + -645?
-645
In base 3, what is 2002 - 1011?
221
In base 9, what is 27 + 2?
30
In base 14, what is 1b8 - 1?
1b7
In base 4, what is -2 - -332?
330
In base 6, what is -4300 - -5?
-4251
In base 2, what is -111011 - 0?
-111011
In base 11, what is -18 + -2?
-1a
In base 13, what is -4 - 128?
-12c
In base 12, what is 3 - -943?
946
In base 8, what is 2061 - 3?
2056
In base 12, what is 17 - -4?
1b
In base 9, what is -7 + 4?
-3
In base 8, what is -421 + -5?
-426
In base 14, what is -23d - 0?
-23d
In base 5, what is -10 + 10442?
10432
In base 10, what is -2 + 54?
52
In base 8, what is -4 + 4?
0
In base 13, what is 2 + -355?
-353
In base 14, what is 1 + -96?
-95
In base 4, what is -1120111 - -3?
-1120102
In base 9, what is -132 - -2?
-130
In base 7, what is 10546 - -1?
10550
In base 8, what is 7 + 1754?
1763
In base 16, what is -49 - 14c?
-195
In base 9, what is -2 - -206?
204
In base 4, what is -10131 - 11?
-10202
In base 9, what is -4 + 151?
146
In base 8, what is 23 + -157?
-134
In base 13, what is 3 - -1?
4
In base 12, what is -3 - 19?
-20
In base 2, what is -1 - -11000?
10111
In base 3, what is -22 - 2?
-101
In base 16, what is 4c0 - 2?
4be
In base 11, what is 9 - -13?
21
In base 6, what is 514 + -14?
500
In base 12, what is 82 + -141?
-7b
In base 3, what is 21121 - 110?
21011
In base 4, what is -22 + 1123?
1101
In base 7, what is -2 - -433?
431
In base 13, what is -18b + 1?
-18a
In base 16, what is -2cb + 4?
-2c7
In base 9, what is 4 - -57?
62
In base 11, what is 163 - -8?
170
In base 5, what is 130 - 10?
120
In base 12, what is 41 + -5?
38
In base 15, what is 7 - -581?
588
In base 9, what is 2742 - -3?
2745
In base 7, what is -10 - 1606?
-1616
In base 15, what is 1 - -43?
44
In base 11, what is -49 - -3?
-46
In base 7, what is 1 + -1142?
-1141
In base 15, what is 3a + e8?
133
In base 2, what is -10010010000 + 10?
-10010001110
In base 12, what is 73 + 6?
79
In base 12, what is 3 - -47?
4a
In base 6, what is 22301 + 4?
22305
In base 6, what is -10031 + 2?
-10025
In base 15, what is 2d1 + 4?
2d5
In base 9, what is -7 - -25?
17
In base 10, what is 7 - -162?
169
In base 13, what is 3c - -1?
40
In base 13, what is 568 + 0?
568
In base 11, what is -5 - 3421?
-3426
In base 12, what is 58 + -3?
55
In base 16, what is 23 - -58?
7b
In base 2, what is 1000010110 - 0?
1000010110
In base 15, what is -1b79 - -2?
-1b77
In base 15, what is -36c + 4?
-368
In base 8, what is 35 - -25?
62
In base 10, 